e 2?
-11010101111101110011111
What is 672267 (base 8) in base 16?
374b7
13111221 (base 6) to base 8
1506335
Convert 10010100101011100 (base 2) to base 13.
28859
Convert -4103343302 (base 5) to base 8.
-37411267
Convert -29c2a (base 16) to base 15.
-35a35
What is 244524224 (base 6) in base 12?
16b0674
What is 215422 (base 9) in base 13?
46730
99813a (base 11) to base 9
2885773
6657c (base 14) to base 16
3c8f2
-530441 (base 7) to base 16
-16547
Convert 25041044 (base 6) to base 16.
c2f74
-39bb5 (base 14) to base 8
-425663
Convert 2303432 (base 7) to base 9.
476572
-225911 (base 11) to base 3
-200020122111
-1202222221012 (base 3) to base 14
-1a8411
What is 3202023220 (base 4) in base 2?
11100010001011101000
2202221200000 (base 3) to base 14
2a58b3
Convert -21001201001 (base 3) to base 5.
-13422044
196842 (base 11) to base 13
a74bc
1129369 (base 10) to base 8
4235631
What is -1412415 (base 8) in base 15?
-7d18a
Convert 5855a (base 14) to base 6.
4335444
Convert 845181 (base 9) to base 5.
112034220
-811429 (base 11) to base 5
-313224040
What is -11101001001110011 (base 2) in base 5?
-12310121
Convert 205466 (base 11) to base 12.
13a6a9
What is -73125737 (base 8) in base 16?
-ecabdf
What is -10001101111211 (base 3) in base 5?
-403343134
Convert 1014c (base 13) to base 6.
341150
Convert -100000011110010101001 (base 2) to base 14.
-1d9b17
What is 273191 (base 13) in base 4?
3213302033
What is -142403014 (base 5) in base 11?
-470477
What is 233030011 (base 5) in base 3?
2000002001112
What is -124859 (base 13) in base 10?
-438629
11004204 (base 6) to base 12
139664
What is -4ccb3 (base 16) in base 6?
-10424123
What is -1c87b (base 13) in base 11?
-393a4
Convert 2013220212 (base 4) to base 14.
10666a
35389 (base 11) to base 14
14858
-1001121122112 (base 3) to base 5
-121011021
36420334 (base 7) to base 15
4428ba
Convert 6b8789 (base 12) to base 7.
20520204
Convert 1021110002110122 (base 3) to base 14.
2607901
What is 317052 (base 8) in base 11?
72728
What is 3430350 (base 8) in base 2?
11100011000011101000
What is -444c2 (base 14) in base 9?
-272133
What is -12264076 (base 8) in base 13?
-740223
Convert -3c42c (base 16) to base 7.
-2045421
What is 2c193 (base 15) in base 2?
100010101100100001
Convert 102211102 (base 4) to base 8.
224522
Convert 14152015 (base 6) to base 3.
220110011102
What is 347db (base 14) in base 10?
127789
What is -de78c (base 15) in base 13?
-1b9abc
-100101001101100001 (base 2) to base 6
-3133345
What is -30266 (base 8) in base 2?
-11000010110110
Convert -20b893 (base 12) to base 7.
-4255005
What is a92838 (base 12) in base 7?
31530143
1880877 (base 9) to base 13
2b0189
-1323101113 (base 4) to base 8
-1732127
What is -155832 (base 9) in base 6?
-2021132
What is -16588 (base 12) in base 7?
-162041
Convert 466233 (base 8) to base 9.
261837
What is 206a8a (base 15) in base 16?
178504
8a8bc (base 13) to base 7
2066410
Convert 3331212300 (base 4) to base 13.
2a4a73
Convert 11021001103 (base 4) to base 12.
54ba97
Convert 22100434 (base 5) to base 6.
4031024
What is 958257 (base 11) in base 15?
204611
2037411 (base 9) to base 2
100001001101000000010
What is -12308758 (base 9) in base 4?
-113000002022
Convert -a8210 (base 13) to base 3.
-120102101010
What is -181367 (base 11) in base 14?
-74042
353286 (base 13) to base 15
19e683
What is -17127 (base 12) in base 11?
-22887
-1223060 (base 7) to base 5
-20012021
Convert 2121002202211 (base 3) to base 8.
5206766
What is -2013022110 (base 4) in base 3?
-1001010102110
Convert -273a10 (base 13) to base 6.
-32213515
-1b1792 (base 13) to base 8
-2501503
What is 7310377 (base 9) in base 10?
3904108
2021007 (base 11) to base 10
3573742
Convert 1692ec (base 16) to base 3.
2210011100202
63378 (base 11) to base 16
1687f
What is -3561750 (base 8) in base 3?
-1211120121112
What is 1021111102110 (base 3) in base 7?
5525421
-2311033034 (base 5) to base 6
-302522212
Convert -10020233300 (base 4) to base 14.
-203292
Convert -2333242204 (base 5) to base 13.
-115c6b1
What is -a7c32 (base 13) in base 14?
-7c630
Convert 20130212202 (base 4) to base 10.
2214306
What is -165a45 (base 13) in base 14?
-10658b
What is -bca59 (base 14) in base 12?
-1a0947
112111220010 (base 3) to base 12
1193b6
What is 6678d (base 14) in base 6?
5154133
Convert 1000011000111000000 (base 2) to base 8.
1030700
-1134141 (base 8) to base 11
-1a1463
-13648 (base 10) to base 3
-200201111
What is -35b6a (base 16) in base 13?
-791ab
-1665047 (base 8) to base 11
-3020a2
What is 2a967 (base 11) in base 5?
2400004
What is -275ac3 (base 15) in base 16?
-1ce051
6026621 (base 7) to base 11
44780a
What is -454612 (base 9) in base 15?
-55aae
What is 12022020201 (base 3) in base 9?
168221
-c94ac (base 14) to base 2
-1110110110011100000
Convert 271765 (base 9) to base 14.
443ac
What is -121416 (base 8) in base 9?
-63230
42167631 (base 8) to base 13
1b229c8
What is 70845 (base 13) in base 4?
301021320
1852475 (base 12) to base 9
10508478
What is 2a3a18 (base 11) in base 3?
220001211201
3a07a (base 12) to base 11
54878
-1f7b8 (base 16) to base 3
-20112220000
What is ad21 (base 14) in base 3?
1112011202
-170312 (base 10) to base 9
-278555
-1156203 (base 7) to base 3
-21112212110
-23303122 (base 5) to base 16
-33fb0
Convert -2b13d0 (base 15) to base 13.
-57a8c0
What is 10210100022110 (base 3) in base 6?
111102103
What is -1000212221220220 (base 3) in base 4?
-320202102201
-2533521 (base 6) to base 16
-216d9
326454 (base 10) to base 2
1001111101100110110
Convert -110021112002 (base 3) to base 12.
-b7a3b
What is -431020 (base 5) in base 11?
-a9a1
What is 10011000000101000 (base 2) in base 11?
53556
What is 253a5 (base 11) in base 14?
d3b1
What is 4385 (base 11) in base 10?
5780
Convert -1a1a4 (base 13) to base 4.
-30122102
Convert -23552 (base 8) to base 16.
-276a
Convert -12002221000 (base 3) to base 9.
-162830
-11010001011101110100 (base 2) to base 5
-204423342
ae73 (base 16) to base 8
127163
Convert 3303220 (base 4) to base 15.
4947
Convert 3221312010 (base 4) to base 5.
221122303
-7ca5 (base 14) to base 11
-15342
Convert -10111000101010100 (base 2) to base 11.
-65043
177556 (base 9) to base 13
3b409
Convert 639774 (base 11) to base 5.
230220021
151045234 (base 6) to base 14
5b7726
What is 4c147 (base 13) in base 9?
234164
Convert -1010101101001011101 (base 2) to base 7.
-2660531
Convert -11020022201 (base 3) to base 9.
-136281
What is -3153541 (base 9) in base 6?
-100110314
Convert 115143253 (base 7) to base 9.
14500227
-341123 (base 10) to base 9
-568835
What is -2040544 (base 7) in base 14?
-654cb
What is 331c6 (base 15) in base 9?
266706
-3130113444 (base 5) to base 13
-146252c
-32030416 (base 7) to base 3
-12002212000001
Convert 250b34 (base 13) to base 11.
556700
Convert e43c3 (base 16) to base 8.
3441703
What is 121a60 (base 13) in base 15?
881a5
What is 2d674 (base 14) in base 5?
12120112
21929 (base 11) to base 7
161342
5212315 (base 6) to base 10
250679
Convert -d7761 (base 16) to base 9.
-1584537
Convert -10100100100001110101010 (base 2) to base 3.
-101010220102211
What is -1122200102211 (base 3) in base 9?
-1580384
-108cb (base 14) to base 10
-40163
Convert -1011101000101000110 (base 2) to base 16.
-5d146
Convert 495b5 (base 14) to base 16.
2bd2b
-705dd (base 16) to base 7
-3624563
6139140 (base 10) to base 12
20808b0
What is -156688 (base 10) in base 12?
-76814
-1668433 (base 10) to base 16
-197551
-2054423 (base 6) to base 5
-11211230
Convert a70d3c (base 14) to base 6.
321032134
What is 124134124 (base 5) in base 14?
120146
Convert -27255a (base 11) to base 4.
-1220132101
What is 50335 (base 6) in base 9?
10055
What is -159867 (base 10) in base 9?
-263260
-5624207 (base 9) to base 4
-23203023322
What is -467156 (base 10) in base 14?
-c2364
What is -2011412214 (base 5) in base 16?
-3d3d7a
7876367 (base 9) to base 10
4243084
What is -2226712 (base 9) in base 13?
-32c9cc
What is 23544265 (base 7) in base 5?
1014021224
-1401442 (base 6) to base 15
-1824b
-311262 (base 13) to base 9
-2134643
What is -121110220100000 (base 3) in base 15?
-b7e9e6
Convert -3866b (base 14) to base 3.
-21000221120
Convert -12120201020 (base 3) to base 4.
-122310231
Convert 11066311 (base 7) to base 2.
11101001110101110011
-154642 (base 11) to base 16
-3aae0
What 